{"id":99,"date":"2026-07-14T08:51:26","date_gmt":"2026-07-14T08:51:26","guid":{"rendered":"https:\/\/www.santvicentnet.com\/recogida-residuos-urbanos\/"},"modified":"2026-07-14T08:51:26","modified_gmt":"2026-07-14T08:51:26","slug":"recogida-residuos-urbanos","status":"publish","type":"page","link":"https:\/\/www.santvicentnet.com\/va\/recogida-residuos-urbanos\/","title":{"rendered":"Recollida de residus urbans"},"content":{"rendered":"<!-- HERO con imagen -->\n\t<section class=\"sv-lv-hero sv-fade\">\n\t\t<img decoding=\"async\" class=\"sv-lv-hero-img\" src=\"https:\/\/www.santvicentnet.com\/wp-content\/uploads\/2026\/07\/Recogida_de_residuos_urbanos.webp\" alt=\"Cami\u00f3 i contenidors de recollida de residus a Sant Vicent del Raspeig\">\n\t\t<div class=\"sv-lv-hero-overlay\" aria-hidden=\"true\"><\/div>\n\t\t<div class=\"sv-lv-hero-inner\">\n\t\t\t<span class=\"sv-eyebrow\">Servici municipal<\/span>\n\t\t\t<h1>Recollida de residus urbans<\/h1>\n\t\t\t<p>A Sant Vicent del Raspeig treballem di\u00e0riament perqu\u00e8 el cicle dels teus residus siga el m\u00e9s sostenible possible.<\/p>\n\t\t\t<a href=\"#contenedores\" class=\"sv-btn sv-rru-hero-btn\"><span>Coneix-lo<\/span> <i class=\"fa-solid fa-arrow-down\"><\/i><\/a>\n\t\t<\/div>\n\t<\/section>\n\n\t<!-- INTRO -->\n\t<section class=\"sv-rru-wrap sv-reveal\">\n\t\t<p class=\"sv-rru-lead\">A Sant Vicent del Raspeig treballem di\u00e0riament perqu\u00e8 el cicle dels teus residus siga el m\u00e9s sostenible possible. Una correcta separaci\u00f3 en origen no sols \u00e9s un deure ambiental, sin\u00f3 la clau perqu\u00e8 els materials tinguen una segona vida, redu\u00efm les emissions de CO&#8322; i evitem el col\u00b7lapse dels abocadors.<\/p>\n\t<\/section>\n\n\t<!-- CONTENEDORES DE RECOGIDA SELECTIVA -->\n\t<section class=\"sv-rru-wrap sv-reveal\" id=\"contenedores\">\n\t\t<header class=\"sv-rru-head\">\n\t\t\t<span class=\"sv-eyebrow\">Separa en origen<\/span>\n\t\t\t<h2>Contenidors de recollida selectiva<\/h2>\n\t\t\t<p>Cada fracci\u00f3 t\u00e9 el seu contenidor. Deposita cada residu en el color que li correspon per a facilitar-ne el reciclatge.<\/p>\n\t\t<\/header>\n\n\t\t<div class=\"sv-rru-fractions sv-reveal-stagger\">\n\t\t\t<a class=\"sv-rru-frac sv-rru-frac-link\" style=\"--frac:#c8862b;\" href=\"https:\/\/www.santvicentnet.com\/va\/organica\/\">\n\t\t\t\t<span class=\"sv-rru-frac-ico\"><i class=\"fa-solid fa-apple-whole\"><\/i><\/span>\n\t\t\t\t<h3>Org\u00e0nica<\/h3>\n\t\t\t\t<p>Restes de menjar i residus biodegradables que es transformen en compost.<\/p>\n\t\t\t\t<span class=\"sv-rru-frac-more\">Coneix-la <i class=\"fa-solid fa-arrow-right\"><\/i><\/span>\n\t\t\t<\/a>\n\t\t\t<a class=\"sv-rru-frac sv-rru-frac-link\" style=\"--frac:#f5a524;\" href=\"https:\/\/www.santvicentnet.com\/va\/envases-ligeros\/\">\n\t\t\t\t<span class=\"sv-rru-frac-ico\"><i class=\"fa-solid fa-bottle-water\"><\/i><\/span>\n\t\t\t\t<h3>Envasos lleugers<\/h3>\n\t\t\t\t<p>Envasos de pl\u00e0stic, llandes i briks. El contenidor groc.<\/p>\n\t\t\t\t<span class=\"sv-rru-frac-more\">Coneix-la <i class=\"fa-solid fa-arrow-right\"><\/i><\/span>\n\t\t\t<\/a>\n\t\t\t<a class=\"sv-rru-frac sv-rru-frac-link\" style=\"--frac:#1159af;\" href=\"https:\/\/www.santvicentnet.com\/va\/papel-y-carton\/\">\n\t\t\t\t<span class=\"sv-rru-frac-ico\"><i class=\"fa-solid fa-box\"><\/i><\/span>\n\t\t\t\t<h3>Paper i cart\u00f3<\/h3>\n\t\t\t\t<p>Caixes, peri\u00f2dics i paper net. El contenidor blau.<\/p>\n\t\t\t\t<span class=\"sv-rru-frac-more\">Coneix-la <i class=\"fa-solid fa-arrow-right\"><\/i><\/span>\n\t\t\t<\/a>\n\t\t\t<a class=\"sv-rru-frac sv-rru-frac-link\" style=\"--frac:#13612e;\" href=\"https:\/\/www.santvicentnet.com\/va\/vidrio\/\">\n\t\t\t\t<span class=\"sv-rru-frac-ico\"><i class=\"fa-solid fa-wine-bottle\"><\/i><\/span>\n\t\t\t\t<h3>Vidre<\/h3>\n\t\t\t\t<p>Botelles i pots de vidre, sense tapes ni taps. L'igl\u00fa verd.<\/p>\n\t\t\t\t<span class=\"sv-rru-frac-more\">Coneix-la <i class=\"fa-solid fa-arrow-right\"><\/i><\/span>\n\t\t\t<\/a>\n\t\t\t<a class=\"sv-rru-frac sv-rru-frac-link\" style=\"--frac:#4a5568;\" href=\"https:\/\/www.santvicentnet.com\/va\/resto\/\">\n\t\t\t\t<span class=\"sv-rru-frac-ico\"><i class=\"fa-solid fa-trash-can\"><\/i><\/span>\n\t\t\t\t<h3>Resta<\/h3>\n\t\t\t\t<p>El que no es recicla en les altres fraccions. El contenidor gris.<\/p>\n\t\t\t\t<span class=\"sv-rru-frac-more\">Coneix-la <i class=\"fa-solid fa-arrow-right\"><\/i><\/span>\n\t\t\t<\/a>\n\t\t\t<article class=\"sv-rru-frac\" style=\"--frac:#00a13d;\">\n\t\t\t\t<span class=\"sv-rru-frac-ico\"><i class=\"fa-solid fa-recycle\"><\/i><\/span>\n\t\t\t\t<h3>Dest\u00ed sostenible<\/h3>\n\t\t\t\t<p>Cada material recuperat torna al cicle i redu\u00efx la nostra petjada.<\/p>\n\t\t\t<\/article>\n\t\t<\/div>\n\t<\/section>\n\n\t<!-- RECOGIDAS ESPECIALES -->\n\t<section class=\"sv-rru-wrap sv-reveal\">\n\t\t<header class=\"sv-rru-head\">\n\t\t\t<span class=\"sv-eyebrow\">Proximitat i emergent<\/span>\n\t\t\t<h2>Recollides especials de proximitat<\/h2>\n\t\t\t<p>Servicis espec\u00edfics per a residus que requerixen un tractament diferenciat.<\/p>\n\t\t<\/header>\n\t<\/section>\n\n\t<!-- PA\u00d1ALES \/ HIGIENE \u00cdNTIMA -->\n\t<section class=\"sv-rru-wrap sv-reveal\">\n\t\t<div class=\"sv-rru-split\">\n\t\t\t<div class=\"sv-rru-split-text\">\n\t\t\t\t<h2>Residus de bolquers i productes d'higiene \u00edntima<\/h2>\n\t\t\t\t<p>En compliment de l'Article 24 del Pla Integral de Residus de la Comunitat Valenciana, implementem una recollida separativa obligat\u00f2ria per a este tipus de residus (bolquers, compreses, tampons, etc.) en els grans generadors.<\/p>\n\t\t\t\t<ul class=\"sv-rru-list\">\n\t\t\t\t\t<li><strong>El repte ambiental:<\/strong> estos productes contenen rebutjos org\u00e0nics (50-70&#037;), pl\u00e0stics (10-20&#037;) i materials absorbents (5-10&#037;). La seua separaci\u00f3 \u00e9s vital perqu\u00e8 en planta es puguen classificar, triturar i separar els seus components.<\/li>\n\t\t\t\t\t<li><strong>Log\u00edstica a Sant Vicent:<\/strong> dotem 23 establiments del municipi (grans generadors d'este residu) amb 23 nous contenidors espec\u00edfics.<\/li>\n\t\t\t\t<\/ul>\n\t\t\t<\/div>\n\t\t\t<aside class=\"sv-rru-stat\">\n\t\t\t\t<span class=\"sv-rru-stat-num\">23<\/span>\n\t\t\t\t<span class=\"sv-rru-stat-label\">establiments dotats amb contenidor espec\u00edfic<\/span>\n\t\t\t<\/aside>\n\t\t<\/div>\n\t<\/section>\n\n\t<!-- PILAS \/ ACEITE \/ RAEE -->\n\t<section class=\"sv-rru-wrap sv-reveal\">\n\t\t<div class=\"sv-rru-cards sv-reveal-stagger\">\n\t\t\t<article class=\"sv-rru-card\">\n\t\t\t\t<span class=\"sv-rru-card-ico\"><i class=\"fa-solid fa-car-battery\"><\/i><\/span>\n\t\t\t\t<h3>Piles i mercurials<\/h3>\n\t\t\t\t<p>Arrepleguem i transportem piles i mercuri de manera segura mitjan\u00e7ant minicontenidors distribu\u00efts en edificis i comer\u00e7os.<\/p>\n\t\t\t<\/article>\n\t\t\t<article class=\"sv-rru-card\">\n\t\t\t\t<span class=\"sv-rru-card-ico\"><i class=\"fa-solid fa-oil-can\"><\/i><\/span>\n\t\t\t\t<h3>Oli dom\u00e8stic<\/h3>\n\t\t\t\t<p>Arrepleguem oli usat en contenidors p\u00fablics per a evitar contaminar l'aigua i transformar-lo en biodi\u00e8sel ecol\u00f2gic.<\/p>\n\t\t\t<\/article>\n\t\t\t<article class=\"sv-rru-card\">\n\t\t\t\t<span class=\"sv-rru-card-ico\"><i class=\"fa-solid fa-plug\"><\/i><\/span>\n\t\t\t\t<h3>Xicotets RAEE<\/h3>\n\t\t\t\t<p>Arrepleguem xicotets electrodom\u00e8stics en des\u00fas mitjan\u00e7ant contenidors especials en ubicacions estrat\u00e8giques amb l'Ajuntament.<\/p>\n\t\t\t<\/article>\n\t\t<\/div>\n\t\t<div class=\"sv-rru-map\">\n\t\t\t<iframe loading=\"lazy\" title=\"Sant Vicent del Raspeig\" aria-label=\"Sant Vicent del Raspeig\"\n\t\t\t\tsrc=\"https:\/\/maps.google.com\/maps?q=san%20vicente%20del%20raspeig&#038;t=m&#038;z=14&#038;output=embed&#038;iwloc=near\"><\/iframe>\n\t\t<\/div>\n\t<\/section>\n\n\t<!-- SERVICIOS COMERCIALES PUERTA A PUERTA -->\n\t<section class=\"sv-rru-wrap sv-reveal\">\n\t\t<header class=\"sv-rru-head\">\n\t\t\t<span class=\"sv-eyebrow\">Comer\u00e7os i ind\u00fastria<\/span>\n\t\t\t<h2>Servicis comercials i industrials Porta a Porta<\/h2>\n\t\t<\/header>\n\t\t<div class=\"sv-rru-duo\">\n\t\t\t<article class=\"sv-rru-panel\">\n\t\t\t\t<span class=\"sv-rru-card-ico\"><i class=\"fa-solid fa-boxes-stacked\"><\/i><\/span>\n\t\t\t\t<h3>Recollida comercial de paper\/cart\u00f3 i envasos lleugers<\/h3>\n\t\t\t\t<p>PreZero realitza el servici de recollida i transport fins a gestor autoritzat per a comer\u00e7os, centres d'ensenyament (col\u00b7legis i instituts), ind\u00fastries i depend\u00e8ncies municipals. Mitjan\u00e7ant el sistema Porta a Porta, s'establixen rutes precises i freq\u00fc\u00e8ncies adaptades per a assegurar que els usuaris sempre tinguen disponibilitat d'abocament i que no se saturen els carrers.<\/p>\n\t\t\t\t<a href=\"https:\/\/www.santvicentnet.com\/va\/recogida-carton-comercial\/\" class=\"sv-rru-note-link\">Veure recollida de cart\u00f3 comercial &rarr;<\/a>\n\t\t\t<\/article>\n\t\t\t<article class=\"sv-rru-panel\">\n\t\t\t\t<span class=\"sv-rru-card-ico\"><i class=\"fa-solid fa-clipboard-check\"><\/i><\/span>\n\t\t\t\t<h3>Sol\u00b7licitud d'adhesi\u00f3 per a comer\u00e7os<\/h3>\n\t\t\t\t<p>Qualsevol establiment comercial de Sant Vicent del Raspeig que desitge sumar-se de manera gratu\u00efta a este sistema personalitzat de recollida de paper i cart\u00f3 pot sol\u00b7licitar l'alta omplint el formulari espec\u00edfic a trav\u00e9s de la nostra B\u00fastia Ciutadana. Una vegada rebut, els nostres t\u00e8cnics es posaran en contacte amb el comer\u00e7 per a assignar-li la seua ruta i horari de recollida.<\/p>\n\t\t\t\t<a href=\"https:\/\/www.santvicentnet.com\/va\/buzon-ciudadano\/\" class=\"sv-btn sv-rru-note-btn\"><span>Anar a la B\u00fastia Ciutadana<\/span> <i class=\"fa-solid fa-arrow-right\"><\/i><\/a>\n\t\t\t<\/article>\n\t\t<\/div>\n\t<\/section>\n\n\t<!-- ENSERES Y VOLUMINOSOS -->\n\t<section class=\"sv-rru-wrap sv-reveal\">\n\t\t<header class=\"sv-rru-head\">\n\t\t\t<span class=\"sv-eyebrow\">Domicili<\/span>\n\t\t\t<h2>Recollida d'estris i voluminosos dom\u00e8stics<\/h2>\n\t\t<\/header>\n\t\t<div class=\"sv-rru-duo\">\n\t\t\t<article class=\"sv-rru-panel\">\n\t\t\t\t<span class=\"sv-rru-card-ico\"><i class=\"fa-solid fa-couch\"><\/i><\/span>\n\t\t\t\t<h3>Servici<\/h3>\n\t\t\t\t<p>Compr\u00e9n la recollida, transport i entrega al centre de tractament d'aquells residus voluminosos d'origen dom\u00e8stic o assimilables (mobles vells, matalafs, grans electrodom\u00e8stics i RAEE de gran grand\u00e0ria) que requerisquen una recollida diferenciada.<\/p>\n\t\t\t<\/article>\n\t\t\t<article class=\"sv-rru-panel\">\n\t\t\t\t<span class=\"sv-rru-card-ico\"><i class=\"fa-solid fa-calendar-check\"><\/i><\/span>\n\t\t\t\t<h3>Funcionament<\/h3>\n\t\t\t\t<p>Es programa di\u00e0riament mitjan\u00e7ant les peticions o avisos rebuts dels ciutadans (via web mitjan\u00e7ant formulari o per tel\u00e8fon) o mitjan\u00e7ant la detecci\u00f3 en ruta.<\/p>\n\t\t\t<\/article>\n\t\t<\/div>\n\t\t<div class=\"sv-rru-cta\">\n\t\t\t<a href=\"https:\/\/www.santvicentnet.com\/va\/recogida-enseres\/\" class=\"sv-btn\"><span>Sol\u00b7licitar recollida d'estris<\/span> <i class=\"fa-solid fa-arrow-right\"><\/i><\/a>\n\t\t<\/div>\n\t<\/section>","protected":false},"excerpt":{"rendered":"<p>Servicio municipal Recogida de residuos urbanos En San Vicente del Raspeig trabajamos diariamente para que el ciclo de tus residuos sea lo m\u00e1s sostenible posible. Con\u00f3celo En San Vicente del Raspeig trabajamos diariamente para que el ciclo de tus residuos sea lo m\u00e1s sostenible posible. Una correcta separaci\u00f3n en origen no solo es un deber [&hellip;]<\/p>\n","protected":false},"author":0,"featured_media":0,"parent":0,"menu_order":0,"comment_status":"closed","ping_status":"closed","template":"","meta":{"_sv_page_css":"","footnotes":""},"class_list":["post-99","page","type-page","status-publish","hentry"],"_links":{"self":[{"href":"https:\/\/www.santvicentnet.com\/va\/wp-json\/wp\/v2\/pages\/99","targetHints":{"allow":["GET"]}}],"collection":[{"href":"https:\/\/www.santvicentnet.com\/va\/wp-json\/wp\/v2\/pages"}],"about":[{"href":"https:\/\/www.santvicentnet.com\/va\/wp-json\/wp\/v2\/types\/page"}],"replies":[{"embeddable":true,"href":"https:\/\/www.santvicentnet.com\/va\/wp-json\/wp\/v2\/comments?post=99"}],"version-history":[{"count":0,"href":"https:\/\/www.santvicentnet.com\/va\/wp-json\/wp\/v2\/pages\/99\/revisions"}],"wp:attachment":[{"href":"https:\/\/www.santvicentnet.com\/va\/wp-json\/wp\/v2\/media?parent=99"}],"curies":[{"name":"wp","href":"https:\/\/api.w.org\/{rel}","templated":true}]}}

<!-- HERO con imagen -->
	<section class="sv-lv-hero sv-fade">
		<img decoding="async" class="sv-lv-hero-img" src="https://www.santvicentnet.com/wp-content/uploads/2026/07/Recogida_de_residuos_urbanos.webp" alt="Camió i contenidors de recollida de residus a Sant Vicent del Raspeig">
		<div class="sv-lv-hero-overlay" aria-hidden="true"></div>
		<div class="sv-lv-hero-inner">
			<span class="sv-eyebrow">Servici municipal</span>
			<h1>Recollida de residus urbans</h1>
			<p>A Sant Vicent del Raspeig treballem diàriament perquè el cicle dels teus residus siga el més sostenible possible.</p>
			<a href="#contenedores" class="sv-btn sv-rru-hero-btn"><span>Coneix-lo</span> <i class="fa-solid fa-arrow-down"></i></a>
		</div>
	</section>

	<!-- INTRO -->
	<section class="sv-rru-wrap sv-reveal">
		<p class="sv-rru-lead">A Sant Vicent del Raspeig treballem diàriament perquè el cicle dels teus residus siga el més sostenible possible. Una correcta separació en origen no sols és un deure ambiental, sinó la clau perquè els materials tinguen una segona vida, reduïm les emissions de CO&#8322; i evitem el col·lapse dels abocadors.</p>
	</section>

	<!-- CONTENEDORES DE RECOGIDA SELECTIVA -->
	<section class="sv-rru-wrap sv-reveal" id="contenedores">
		<header class="sv-rru-head">
			<span class="sv-eyebrow">Separa en origen</span>
			<h2>Contenidors de recollida selectiva</h2>
			<p>Cada fracció té el seu contenidor. Deposita cada residu en el color que li correspon per a facilitar-ne el reciclatge.</p>
		</header>

		<div class="sv-rru-fractions sv-reveal-stagger">
			<a class="sv-rru-frac sv-rru-frac-link" style="--frac:#c8862b;" href="https://www.santvicentnet.com/va/organica/">
				<span class="sv-rru-frac-ico"><i class="fa-solid fa-apple-whole"></i></span>
				<h3>Orgànica</h3>
				<p>Restes de menjar i residus biodegradables que es transformen en compost.</p>
				<span class="sv-rru-frac-more">Coneix-la <i class="fa-solid fa-arrow-right"></i></span>
			</a>
			<a class="sv-rru-frac sv-rru-frac-link" style="--frac:#f5a524;" href="https://www.santvicentnet.com/va/envases-ligeros/">
				<span class="sv-rru-frac-ico"><i class="fa-solid fa-bottle-water"></i></span>
				<h3>Envasos lleugers</h3>
				<p>Envasos de plàstic, llandes i briks. El contenidor groc.</p>
				<span class="sv-rru-frac-more">Coneix-la <i class="fa-solid fa-arrow-right"></i></span>
			</a>
			<a class="sv-rru-frac sv-rru-frac-link" style="--frac:#1159af;" href="https://www.santvicentnet.com/va/papel-y-carton/">
				<span class="sv-rru-frac-ico"><i class="fa-solid fa-box"></i></span>
				<h3>Paper i cartó</h3>
				<p>Caixes, periòdics i paper net. El contenidor blau.</p>
				<span class="sv-rru-frac-more">Coneix-la <i class="fa-solid fa-arrow-right"></i></span>
			</a>
			<a class="sv-rru-frac sv-rru-frac-link" style="--frac:#13612e;" href="https://www.santvicentnet.com/va/vidrio/">
				<span class="sv-rru-frac-ico"><i class="fa-solid fa-wine-bottle"></i></span>
				<h3>Vidre</h3>
				<p>Botelles i pots de vidre, sense tapes ni taps. L'iglú verd.</p>
				<span class="sv-rru-frac-more">Coneix-la <i class="fa-solid fa-arrow-right"></i></span>
			</a>
			<a class="sv-rru-frac sv-rru-frac-link" style="--frac:#4a5568;" href="https://www.santvicentnet.com/va/resto/">
				<span class="sv-rru-frac-ico"><i class="fa-solid fa-trash-can"></i></span>
				<h3>Resta</h3>
				<p>El que no es recicla en les altres fraccions. El contenidor gris.</p>
				<span class="sv-rru-frac-more">Coneix-la <i class="fa-solid fa-arrow-right"></i></span>
			</a>
			<article class="sv-rru-frac" style="--frac:#00a13d;">
				<span class="sv-rru-frac-ico"><i class="fa-solid fa-recycle"></i></span>
				<h3>Destí sostenible</h3>
				<p>Cada material recuperat torna al cicle i reduïx la nostra petjada.</p>
			</article>
		</div>
	</section>

	<!-- RECOGIDAS ESPECIALES -->
	<section class="sv-rru-wrap sv-reveal">
		<header class="sv-rru-head">
			<span class="sv-eyebrow">Proximitat i emergent</span>
			<h2>Recollides especials de proximitat</h2>
			<p>Servicis específics per a residus que requerixen un tractament diferenciat.</p>
		</header>
	</section>

	<!-- PAÑALES / HIGIENE ÍNTIMA -->
	<section class="sv-rru-wrap sv-reveal">
		<div class="sv-rru-split">
			<div class="sv-rru-split-text">
				<h2>Residus de bolquers i productes d'higiene íntima</h2>
				<p>En compliment de l'Article 24 del Pla Integral de Residus de la Comunitat Valenciana, implementem una recollida separativa obligatòria per a este tipus de residus (bolquers, compreses, tampons, etc.) en els grans generadors.</p>
				<ul class="sv-rru-list">
					<li><strong>El repte ambiental:</strong> estos productes contenen rebutjos orgànics (50-70&#037;), plàstics (10-20&#037;) i materials absorbents (5-10&#037;). La seua separació és vital perquè en planta es puguen classificar, triturar i separar els seus components.</li>
					<li><strong>Logística a Sant Vicent:</strong> dotem 23 establiments del municipi (grans generadors d'este residu) amb 23 nous contenidors específics.</li>
				</ul>
			</div>
			<aside class="sv-rru-stat">
				<span class="sv-rru-stat-num">23</span>
				<span class="sv-rru-stat-label">establiments dotats amb contenidor específic</span>
			</aside>
		</div>
	</section>

	<!-- PILAS / ACEITE / RAEE -->
	<section class="sv-rru-wrap sv-reveal">
		<div class="sv-rru-cards sv-reveal-stagger">
			<article class="sv-rru-card">
				<span class="sv-rru-card-ico"><i class="fa-solid fa-car-battery"></i></span>
				<h3>Piles i mercurials</h3>
				<p>Arrepleguem i transportem piles i mercuri de manera segura mitjançant minicontenidors distribuïts en edificis i comerços.</p>
			</article>
			<article class="sv-rru-card">
				<span class="sv-rru-card-ico"><i class="fa-solid fa-oil-can"></i></span>
				<h3>Oli domèstic</h3>
				<p>Arrepleguem oli usat en contenidors públics per a evitar contaminar l'aigua i transformar-lo en biodièsel ecològic.</p>
			</article>
			<article class="sv-rru-card">
				<span class="sv-rru-card-ico"><i class="fa-solid fa-plug"></i></span>
				<h3>Xicotets RAEE</h3>
				<p>Arrepleguem xicotets electrodomèstics en desús mitjançant contenidors especials en ubicacions estratègiques amb l'Ajuntament.</p>
			</article>
		</div>
		<div class="sv-rru-map">
			<iframe loading="lazy" title="Sant Vicent del Raspeig" aria-label="Sant Vicent del Raspeig"
				src="https://maps.google.com/maps?q=san%20vicente%20del%20raspeig&#038;t=m&#038;z=14&#038;output=embed&#038;iwloc=near"></iframe>
		</div>
	</section>

	<!-- SERVICIOS COMERCIALES PUERTA A PUERTA -->
	<section class="sv-rru-wrap sv-reveal">
		<header class="sv-rru-head">
			<span class="sv-eyebrow">Comerços i indústria</span>
			<h2>Servicis comercials i industrials Porta a Porta</h2>
		</header>
		<div class="sv-rru-duo">
			<article class="sv-rru-panel">
				<span class="sv-rru-card-ico"><i class="fa-solid fa-boxes-stacked"></i></span>
				<h3>Recollida comercial de paper/cartó i envasos lleugers</h3>
				<p>PreZero realitza el servici de recollida i transport fins a gestor autoritzat per a comerços, centres d'ensenyament (col·legis i instituts), indústries i dependències municipals. Mitjançant el sistema Porta a Porta, s'establixen rutes precises i freqüències adaptades per a assegurar que els usuaris sempre tinguen disponibilitat d'abocament i que no se saturen els carrers.</p>
				<a href="https://www.santvicentnet.com/va/recogida-carton-comercial/" class="sv-rru-note-link">Veure recollida de cartó comercial &rarr;</a>
			</article>
			<article class="sv-rru-panel">
				<span class="sv-rru-card-ico"><i class="fa-solid fa-clipboard-check"></i></span>
				<h3>Sol·licitud d'adhesió per a comerços</h3>
				<p>Qualsevol establiment comercial de Sant Vicent del Raspeig que desitge sumar-se de manera gratuïta a este sistema personalitzat de recollida de paper i cartó pot sol·licitar l'alta omplint el formulari específic a través de la nostra Bústia Ciutadana. Una vegada rebut, els nostres tècnics es posaran en contacte amb el comerç per a assignar-li la seua ruta i horari de recollida.</p>
				<a href="https://www.santvicentnet.com/va/buzon-ciudadano/" class="sv-btn sv-rru-note-btn"><span>Anar a la Bústia Ciutadana</span> <i class="fa-solid fa-arrow-right"></i></a>
			</article>
		</div>
	</section>

	<!-- ENSERES Y VOLUMINOSOS -->
	<section class="sv-rru-wrap sv-reveal">
		<header class="sv-rru-head">
			<span class="sv-eyebrow">Domicili</span>
			<h2>Recollida d'estris i voluminosos domèstics</h2>
		</header>
		<div class="sv-rru-duo">
			<article class="sv-rru-panel">
				<span class="sv-rru-card-ico"><i class="fa-solid fa-couch"></i></span>
				<h3>Servici</h3>
				<p>Comprén la recollida, transport i entrega al centre de tractament d'aquells residus voluminosos d'origen domèstic o assimilables (mobles vells, matalafs, grans electrodomèstics i RAEE de gran grandària) que requerisquen una recollida diferenciada.</p>
			</article>
			<article class="sv-rru-panel">
				<span class="sv-rru-card-ico"><i class="fa-solid fa-calendar-check"></i></span>
				<h3>Funcionament</h3>
				<p>Es programa diàriament mitjançant les peticions o avisos rebuts dels ciutadans (via web mitjançant formulari o per telèfon) o mitjançant la detecció en ruta.</p>
			</article>
		</div>
		<div class="sv-rru-cta">
			<a href="https://www.santvicentnet.com/va/recogida-enseres/" class="sv-btn"><span>Sol·licitar recollida d'estris</span> <i class="fa-solid fa-arrow-right"></i></a>
		</div>
	</section>

<p>Servicio municipal Recogida de residuos urbanos En San Vicente del Raspeig trabajamos diariamente para que el ciclo de tus residuos sea lo más sostenible posible. Conócelo En San Vicente del Raspeig trabajamos diariamente para que el ciclo de tus residuos sea lo más sostenible posible. Una correcta separación en origen no solo es un deber [&hellip;]</p>
